{"id":66,"date":"2020-06-17T10:47:09","date_gmt":"2020-06-17T08:47:09","guid":{"rendered":""},"modified":"2021-06-15T12:07:29","modified_gmt":"2021-06-15T10:07:29","slug":"versandarten","status":"publish","type":"page","link":"https:\/\/www.evolution-canvas.com\/shop\/?page_id=66","title":{"rendered":"Versandarten"},"content":{"rendered":"\n<h2>Versand mit der \u00f6sterreichischen Post<\/h2>\n\n\n\n<p>Die Lieferung von Waren erfolgt auf dem Versandwege durch die \u00d6sterreichische Post AG an die vom Kunden angegebene Lieferanschrift, sofern nicht Abweichendes vereinbart wurde. Bei der Abwicklung von Onlinebestellungen ist die vom Kunden in der Bestellabwicklung hinterlegte Lieferanschrift ma\u00dfgeblich.<\/p>\n\n\n\n<p>Die Lieferzeit betr\u00e4gt innerhalb von \u00d6sterreich 2 \u2013 5 Werktage und nach Deutschland 2 \u2013 7 Werktage ab Zahlungseingang. Sollte ein Artikel nicht auf Lager oder nicht sofort lieferbar sein und sich die Lieferzeit dadurch entsprechend verl\u00e4ngern, wird der Kunde gesondert dar\u00fcber informiert.<\/p>\n\n\n\n<p><\/p>\n\n\n\n<h2>Abholung vor Ort<\/h2>\n\n\n\n<p>Bestellte Artikel k\u00f6nnen auch bei mayermayer, Strategie Schmiede Herrengasse 3 \/ Top 511, 8010 Graz nach vorheriger Terminvereinbarung abgeholt werden.<\/p>\n","protected":false},"excerpt":{"rendered":"<p>Versand mit der \u00f6sterreichischen Post Die Lieferung von Waren erfolgt auf dem Versandwege durch die \u00d6sterreichische Post AG an die vom Kunden angegebene Lieferanschrift, sofern nicht Abweichendes vereinbart wurde. Bei der Abwicklung von Onlinebestellungen ist die vom Kunden in der Bestellabwicklung hinterlegte Lieferanschrift ma\u00dfgeblich. Die Lieferzeit betr\u00e4gt innerhalb von \u00d6sterreich 2 \u2013 5 Werktage und [&hellip;]<\/p>\n","protected":false},"author":1,"featured_media":0,"parent":0,"menu_order":0,"comment_status":"closed","ping_status":"closed","template":"","meta":[],"_links":{"self":[{"href":"https:\/\/www.evolution-canvas.com\/shop\/index.php?rest_route=\/wp\/v2\/pages\/66"}],"collection":[{"href":"https:\/\/www.evolution-canvas.com\/shop\/index.php?rest_route=\/wp\/v2\/pages"}],"about":[{"href":"https:\/\/www.evolution-canvas.com\/shop\/index.php?rest_route=\/wp\/v2\/types\/page"}],"author":[{"embeddable":true,"href":"https:\/\/www.evolution-canvas.com\/shop\/index.php?rest_route=\/wp\/v2\/users\/1"}],"replies":[{"embeddable":true,"href":"https:\/\/www.evolution-canvas.com\/shop\/index.php?rest_route=%2Fwp%2Fv2%2Fcomments&post=66"}],"version-history":[{"count":3,"href":"https:\/\/www.evolution-canvas.com\/shop\/index.php?rest_route=\/wp\/v2\/pages\/66\/revisions"}],"predecessor-version":[{"id":204,"href":"https:\/\/www.evolution-canvas.com\/shop\/index.php?rest_route=\/wp\/v2\/pages\/66\/revisions\/204"}],"wp:attachment":[{"href":"https:\/\/www.evolution-canvas.com\/shop\/index.php?rest_route=%2Fwp%2Fv2%2Fmedia&parent=66"}],"curies":[{"name":"wp","href":"https:\/\/api.w.org\/{rel}","templated":true}]}}