{"id":64,"date":"2020-06-17T10:47:09","date_gmt":"2020-06-17T08:47:09","guid":{"rendered":""},"modified":"2020-08-26T13:01:35","modified_gmt":"2020-08-26T11:01:35","slug":"agb","status":"publish","type":"page","link":"https:\/\/www.evolution-canvas.com\/shop\/?page_id=64","title":{"rendered":"AGB"},"content":{"rendered":"\n<h1>mayermayer, online Shop AGB\u2018s<\/h1>\n\n\n\n<h2>The Scope Shop, www.evolution-canvas.com\/shop<\/h2>\n\n\n\n<h3>Stand. 01. August 2020<\/h3>\n\n\n\n<h2>Allgemeine Gesch\u00e4ftsbedingungen<\/h2>\n\n\n\n<h3>\u00a7 1 Geltung der Bedingungen, Begriffsbestimmungen<\/h3>\n\n\n\n<p>(1) Die Lieferungen, Leistungen und Angebote von Publikationen und Dienstleistungen im Webshop der DI Mayer KG, Unternehmensberatung, Herrengasse 3, 8010 Graz erfolgen aufgrund dieser Gesch\u00e4ftsbedingungen. Abweichende Bedingungen des Bestellers erkennen wir, DI Mayer KG, Unternehmensberatung, nicht an, es sei denn, wir haben ausdr\u00fccklich schriftlich ihrer Geltung zugestimmt.<\/p>\n\n\n\n<p>(2) Sie sind Verbraucher, soweit der Zweck der georderten Lieferungen und Leistungen nicht \u00fcberwiegend Ihrer gewerblichen oder selbst\u00e4ndigen beruflichen T\u00e4tigkeit zugerechnet werden kann. Dagegen ist Unternehmer jede nat\u00fcrliche oder juristische Person oder rechtsf\u00e4hige Personengesellschaft, die beim Abschluss des Vertrags in Aus\u00fcbung ihrer gewerblichen oder selbst\u00e4ndigen beruflichen T\u00e4tigkeit handelt.<\/p>\n\n\n\n<h3>\u00a7 2 Vertragsabschluss<\/h3>\n\n\n\n<p>(1) Bei einer Bestellung im Webshop k\u00f6nnen Sie aus unserem Sortiment Publikationen ausw\u00e4hlen und diese \u00fcber den Button \u201ein den Warenkorb\u201c in einem sogenannten Warenkorb sammeln. \u00dcber den Button \u201eBestellung abschicken\u201c geben Sie einen verbindlichen Antrag zum Kauf der im Warenkorb befindlichen Waren ab. Vor Abschicken der Bestellung k\u00f6nnen Sie die Daten jederzeit einsehen und \u00e4ndern.<\/p>\n\n\n\n<p>(2) Wir schicken Ihnen nach Eingang Ihrer Bestellung eine automatische Empfangsbest\u00e4tigung per E-Mail zu, in welcher Ihre Bestellung nochmals aufgef\u00fchrt wird und die Sie \u00fcber die Funktion \u201eDrucken\u201c ausdrucken k\u00f6nnen. Die automatische Empfangsbest\u00e4tigung dokumentiert lediglich, dass Ihre Bestellung bei uns eingegangen ist, und stellt keine Annahme des Antrags dar. Der Vertrag kommt erst durch die Abgabe der Annahmeerkl\u00e4rung durch uns zustande, die mit einer gesonderten E-Mail (Auftragsbest\u00e4tigung) versandt wird. In dieser E-Mail oder in einer separaten E-Mail, jedoch sp\u00e4testens bei Lieferung der Ware, wird Ihnen der Vertragstext (bestehend aus Bestellung, AGB und Auftragsbest\u00e4tigung) von uns auf einem dauerhaften Datentr\u00e4ger (E-Mail oder Papierausdruck) zugesandt (Vertragsbest\u00e4tigung). Der Vertragstext wird unter Wahrung des Datenschutzes gespeichert.<\/p>\n\n\n\n<p>(3) Sie k\u00f6nnen via Internet, E-Mail, Telefon, Fax oder Post bestellen.<\/p>\n\n\n\n<p>(4) Der Vertragsschluss erfolgt in deutscher Sprache.<\/p>\n\n\n\n<h3>\u00a7 3 Preise und Versandkosten<\/h3>\n\n\n\n<p>(1) Die Preise sind einschlie\u00dflich der gesetzlichen Umsatzsteuer zu verstehen. Hinzu kommen Versandkosten, die einschlie\u00dflich der gesetzlichen Umsatzsteuer f\u00fcr Lieferungen innerhalb \u00d6sterreichs pauschal 4,17 \u20ac, f\u00fcr Lieferungen in alle \u00fcbrigen L\u00e4nder pauschal 8,90 \u20ac betragen.<\/p>\n\n\n\n<p>(2) Der Versand der Print-Publikationen, der Textilien, des iQ Innovations Quartetts und anderen Management Spielen erfolgt per Post.<\/p>\n\n\n\n<h3>\u00a7 4 Lieferung<\/h3>\n\n\n\n<p>Die bestellte Ware wird von uns, vorherige Zahlung des Kaufpreises vorausgesetzt (au\u00dfer beim Rechnungskauf), innerhalb von 2 Werktagen ab dem Tag der Auftragsbest\u00e4tigung auf den Versandweg gebracht.<\/p>\n\n\n\n<h3>\u00a7 5 Widerrufsrecht f\u00fcr Verbraucher<\/h3>\n\n\n\n<p>(1) Sie haben das Recht, binnen 14 Tagen ohne Angabe von Gr\u00fcnden diesen Vertrag zu widerrufen. Die Widerrufsfrist betr\u00e4gt 14 Tage ab dem Tag, an dem Sie oder ein von Ihnen benannter Dritter, der nicht der Bef\u00f6rderer ist, die Waren in Besitz genommen haben bzw. hat. Um Ihr Widerrufsrecht auszu\u00fcben, m\u00fcssen Sie uns (DI Mayer KG, Unternehmensberatung, Herrengasse 3 \/ Top 511, 8010 Graz, &nbsp;office@mayermayer.at, Tel.: +43&nbsp;316 837348-0) mittels einer eindeutigen Erkl\u00e4rung (z.B. einem mit der Post versandten Brief, einem Telefax oder einer E-Mail) \u00fcber Ihren Entschluss, diesen Vertrag zu widerrufen, informieren. Zur Wahrung der Widerrufsfrist reicht es aus, dass Sie die Mitteilung \u00fcber die Aus\u00fcbung des Widerrufsrechts vor Ablauf der Widerrufsfrist absenden.<\/p>\n\n\n\n<p>(2) Bei digitalen Inhalten erlischt das Widerrufsrecht mit Beginn der Vertragsausf\u00fchrung, also mit dem Download der Inhalte.<\/p>\n\n\n\n<p>(3) Folgen des Widerrufs<\/p>\n\n\n\n<p>Wenn Sie diesen Vertrag widerrufen, haben wir Ihnen alle Zahlungen, die wir von Ihnen erhalten haben, einschlie\u00dflich der Lieferkosten (mit Ausnahme der zus\u00e4tzlichen Kosten, die sich daraus ergeben, dass Sie eine andere Art der Lieferung als die von uns angebotene, g\u00fcnstigste Standardlieferung gew\u00e4hlt haben), unverz\u00fcglich und sp\u00e4testens binnen 14 Tagen ab dem Tag zur\u00fcckzuzahlen, an dem die Mitteilung \u00fcber Ihren Widerruf dieses Vertrags bei uns eingegangen ist. F\u00fcr diese R\u00fcckzahlung verwenden wir dasselbe Zahlungsmittel, das Sie bei der urspr\u00fcnglichen Transaktion eingesetzt haben, es sei denn, mit Ihnen wurde ausdr\u00fccklich etwas anderes vereinbart; in keinem Fall werden Ihnen wegen dieser R\u00fcckzahlung Entgelte berechnet. Wir k\u00f6nnen die R\u00fcckzahlung verweigern, bis wir die Waren wieder zur\u00fcckerhalten haben oder bis Sie den Nachweis erbracht haben, dass Sie die Waren zur\u00fcckgesandt haben, je nachdem, welches der fr\u00fchere Zeitpunkt ist. Sie haben die Waren unverz\u00fcglich und in jedem Fall sp\u00e4testens binnen 14 Tagen ab dem Tag, an dem Sie uns \u00fcber den Widerruf dieses Vertrags unterrichten, an DI Mayer KG, Unternehmensberatung, Herrengasse 3 \/ Top 511, 8010 Graz, zur\u00fcckzusenden oder zu \u00fcbergeben. Die Frist ist gewahrt, wenn Sie die Waren vor Ablauf der Frist von 14 Tagen absenden.<\/p>\n\n\n\n<p>Sie tragen die unmittelbaren Kosten der R\u00fccksendung der Waren. Sie m\u00fcssen f\u00fcr einen etwaigen Wertverlust der Waren nur aufkommen, wenn dieser Wertverlust auf einen zur Pr\u00fcfung der Beschaffenheit, der Eigenschaften und der Funktionsweise der Waren nicht notwendigen Umgang mit ihnen zur\u00fcckzuf\u00fchren ist.<\/p>\n\n\n\n<h3>\u00a7 6 Bezahlung<\/h3>\n\n\n\n<p>(1) Die Bezahlung des Kaufpreises erfolgt wahlweise auf Rechnung oder mit PayPal. Bei Kauf auf Rechnung ist der Kaufpreis f\u00e4llig und zahlbar sofort nach Rechnungsstellung ohne Abz\u00fcge.<\/p>\n\n\n\n<p>(3) PayPal<\/p>\n\n\n\n<p>Im Bestellprozess werden Sie auf die Webseite des Online-Anbieters PayPal weitergeleitet. Um den Rechnungsbetrag \u00fcber PayPal bezahlen zu k\u00f6nnen, m\u00fcssen Sie dort registriert sein bzw. sich erst registrieren, mit Ihren Zugangsdaten legitimieren und die Zahlungsanweisung an uns best\u00e4tigen. Nach Abgabe der Bestellung im Shop fordern wir PayPal zur Einleitung der Zahlungstransaktion auf.<\/p>\n\n\n\n<p>Die Zahlungstransaktion wird durch PayPal unmittelbar danach automatisch durchgef\u00fchrt. Weitere Hinweise erhalten Sie beim Bestellvorgang.<\/p>\n\n\n\n<h3>\u00a7 7 Eigentumsvorbehalt<\/h3>\n\n\n\n<p>Die gelieferten Produkte bleiben bis zur vollen Bezahlung Eigentum der DI Mayer KG.<\/p>\n\n\n\n<h3>\u00a7 8 Gew\u00e4hrleistung und Haftung<\/h3>\n\n\n\n<p>(1) Wir haften f\u00fcr Sachm\u00e4ngel nach den hierf\u00fcr geltenden gesetzlichen Vorschriften. Gegen\u00fcber Unternehmern betr\u00e4gt die Gew\u00e4hrleistungsfrist auf von uns gelieferte Waren 12 Monate. Informationen zu gegebenenfalls geltenden zus\u00e4tzlichen Garantien und deren genaue Bedingungen finden Sie jeweils beim Produkt und auf besonderen Informationsseiten im Webshop.<\/p>\n\n\n\n<p>(2) Wir haften auf Schadensersatz im Rahmen der gesetzlichen Vorschriften nur nach Ma\u00dfgabe der nachfolgenden Abs\u00e4tze.<\/p>\n\n\n\n<p>(3) Wir haften f\u00fcr Sch\u00e4den aus der Verletzung des Lebens, des K\u00f6rpers oder der Gesundheit, die aufgrund der vertraglichen Verwendung unserer Ware entstehen und aufgrund dieser Verwendung typisch und vorhersehbar sind sowie f\u00fcr Sch\u00e4den, die auf Vorsatz oder grober Fahrl\u00e4ssigkeit von uns oder unseren gesetzlichen Vertretern oder Erf\u00fcllungsgehilfen beruhen, sowie f\u00fcr Sch\u00e4den bei Nichteinhaltung einer von uns gegebenen Garantie oder wegen arglistig verschwiegener M\u00e4ngel.<\/p>\n\n\n\n<p>(4) Wir haften unter Begrenzung auf Ersatz des vertragstypischen, vorhersehbaren Schadens f\u00fcr solche Sch\u00e4den, die auf einer leicht fahrl\u00e4ssigen Verletzung wesentlicher Vertragspflichten durch uns oder unsere gesetzlichen Vertreter oder Erf\u00fcllungsgehilfen beruhen. Wesentliche Vertragspflichten sind Pflichten, deren Erf\u00fcllung die ordnungsgem\u00e4\u00dfe Durchf\u00fchrung des Vertrages \u00fcberhaupt erst erm\u00f6glicht und auf deren Einhaltung der Vertragspartner regelm\u00e4\u00dfig vertrauen darf.<\/p>\n\n\n\n<p>(5) Sonstige Schadensersatzanspr\u00fcche des Kunden sind ausgeschlossen. Die Vorschriften des Produkthaftungsgesetzes bleiben unber\u00fchrt.<\/p>\n\n\n\n<p>(6) Die Beschr\u00e4nkungen der vorstehenden Abs\u00e4tze (2) bis (5) gelten auch zugunsten unserer gesetzlichen Vertreter und Erf\u00fcllungsgehilfen, wenn Anspr\u00fcche direkt gegen diese geltend gemacht werden.<\/p>\n\n\n\n<h3>\u00a7 9 Urheberrechte<\/h3>\n\n\n\n<p>(1) Copyright sowie s\u00e4mtliche Verlags- und Urheberrechte an den gelieferten Produkten liegen bei der DI Mayer KG, Unternehmensberatung. Kommerzielle Weiterverwendung und Vervielf\u00e4ltigung der Texte und Bilder sind untersagt. Dies betrifft alle Produkte und das gesamte Internetangebot der DI Mayer KG, Unternehmensberatung mit Ausnahme der auf den Webseiten ver\u00f6ffentlichen Pressemitteilungen. Davon abweichende Regelungen und Vereinbarungen erfordern das schriftliche Einverst\u00e4ndnis der DI Mayer KG, Unternehmensberatung.<\/p>\n\n\n\n<p>(2) Sofern eine Lieferung digitaler Inhalte erfolgt (z.B. per E-Mail oder Download), darf weder die Datei noch der Link an Dritte weitergegeben werden. Generell d\u00fcrfen die Kopien nicht der \u00d6ffentlichkeit zug\u00e4nglich gemacht werden.<\/p>\n\n\n\n<h3>\u00a7 10 Schlussbestimmungen<\/h3>\n\n\n\n<p>(1) Bei allen sich aus den Gesch\u00e4ftsbeziehungen zwischen uns und unseren Kunden ergebenden Streitigkeiten ist, wenn der Kunde Vollkaufmann, eine juristische Person des \u00f6ffentlichen Rechts oder ein \u00f6ffentlich-rechtliches Sonderverm\u00f6gen ist, die Klage bei dem Gericht zu erheben, das f\u00fcr unseren Hauptsitz zust\u00e4ndig ist. Wir sind auch berechtigt, am Hauptsitz des Kunden zu klagen.<\/p>\n\n\n\n<p>(2) Wenn der Kunde seinen Wohnsitz oder gew\u00f6hnlichen Aufenthalt im Ausland hat, ist Graz Gerichtsstand f\u00fcr alle Anspr\u00fcche im Zusammenhang mit der Bestellung.<\/p>\n\n\n\n<p>(3) Es gilt ausschlie\u00dflich \u00f6sterreichisches Recht. Das UN-Kaufrecht ist ausgeschlossen, auch wenn aus dem Ausland bestellt oder in das Ausland geliefert wird.<\/p>\n\n\n\n<p>Online-Plattform zur au\u00dfergerichtlichen Streitschlichtung sowie Hinweis nach \u00a7 36 VSBG<\/p>\n\n\n\n<p>Als Online-Unternehmen sind wir verpflichtet, Sie als Verbraucher auf die Plattform zur Online-Streitbeilegung (OS-Plattform) der Europ\u00e4ischen Kommission hinzuweisen. Diese OS-Plattform ist \u00fcber folgenden Link erreichbar: http:\/\/ec.europa.eu\/consumers\/odr Wir nehmen an einem Streitbeilegungsverfahren vor einer Verbraucherschlichtungsstelle nicht teil.<\/p>\n","protected":false},"excerpt":{"rendered":"<p>mayermayer, online Shop AGB\u2018s The Scope Shop, www.evolution-canvas.com\/shop Stand. 01. August 2020 Allgemeine Gesch\u00e4ftsbedingungen \u00a7 1 Geltung der Bedingungen, Begriffsbestimmungen (1) Die Lieferungen, Leistungen und Angebote von Publikationen und Dienstleistungen im Webshop der DI Mayer KG, Unternehmensberatung, Herrengasse 3, 8010 Graz erfolgen aufgrund dieser Gesch\u00e4ftsbedingungen. Abweichende Bedingungen des Bestellers erkennen wir, DI Mayer KG, Unternehmensberatung, [&hellip;]<\/p>\n","protected":false},"author":1,"featured_media":0,"parent":0,"menu_order":0,"comment_status":"closed","ping_status":"closed","template":"","meta":[],"_links":{"self":[{"href":"https:\/\/www.evolution-canvas.com\/shop\/index.php?rest_route=\/wp\/v2\/pages\/64"}],"collection":[{"href":"https:\/\/www.evolution-canvas.com\/shop\/index.php?rest_route=\/wp\/v2\/pages"}],"about":[{"href":"https:\/\/www.evolution-canvas.com\/shop\/index.php?rest_route=\/wp\/v2\/types\/page"}],"author":[{"embeddable":true,"href":"https:\/\/www.evolution-canvas.com\/shop\/index.php?rest_route=\/wp\/v2\/users\/1"}],"replies":[{"embeddable":true,"href":"https:\/\/www.evolution-canvas.com\/shop\/index.php?rest_route=%2Fwp%2Fv2%2Fcomments&post=64"}],"version-history":[{"count":1,"href":"https:\/\/www.evolution-canvas.com\/shop\/index.php?rest_route=\/wp\/v2\/pages\/64\/revisions"}],"predecessor-version":[{"id":133,"href":"https:\/\/www.evolution-canvas.com\/shop\/index.php?rest_route=\/wp\/v2\/pages\/64\/revisions\/133"}],"wp:attachment":[{"href":"https:\/\/www.evolution-canvas.com\/shop\/index.php?rest_route=%2Fwp%2Fv2%2Fmedia&parent=64"}],"curies":[{"name":"wp","href":"https:\/\/api.w.org\/{rel}","templated":true}]}}